t is the units digit of d?
1
Let w(z) be the first derivative of 2*z**3/3 - z**2 + z - 1. What is the units digit of w(1)?
1
Let d(y) = -y**2 + 5*y + 3. Let h be d(6). What is the tens digit of 2/(h/36*-2)?
1
Let s(h) = h**3 + 9*h**2 + 15*h + 2. What is the units digit of s(-5)?
7
What is the units digit of (1 - 9426/(-24)) + (-3)/(-12)?
4
Suppose -3*b = -82 + 13. Suppose -2*o = 5 - b. What is the units digit of 57/o - 2/6?
6
Let t be ((-10)/6)/(3/(-9)). Suppose 5*s = -3*m + 51, 5*m = -5*s + 80 + t. What is the units digit of m?
7
Let r be (3 + (-20)/12)*-3. Let x(u) be the first derivative of u**3/3 - u**2/2 - 3*u + 2. What is the units digit of x(r)?
7
Let i = 50 - 34. What is the units digit of i?
6
Let x = 0 + 6. Let v = 12 + x. What is the tens digit of v?
1
Let h(n) = -n**2 - 7*n + 11. Let v = 9 + -17. Let r be h(v). Suppose -r*c + 40 + 8 = 0. What is the tens digit of c?
1
Let s be 131 + (-9)/(-3)*-1. What is the tens digit of s/(-24)*(-9)/4?
1
Suppose -3*x + 2*x + 13 = 0. Suppose 0 = 3*n - 5 - x. What is the units digit of n?
6
Let l(i) = -3*i. Let v be l(-5). What is the tens digit of -1*v*(0 + -1)?
1
Let k(u) = u**2 - 8*u + 65. What is the tens digit of k(19)?
7
Let m(l) be the first derivative of l**3/3 - 3*l**2/2 + 5*l + 2. What is the tens digit of m(5)?
1
Let p(t) = -5*t + 1. Let l(u) = 26*u - 5. Let j(g) = 2*l(g) + 11*p(g). Suppose 0 = -5*b - 2 - 8. What is the units digit of j(b)?
7
Let w = 7 + -11. Let i = w + 14. What is the units digit of i?
0
Let v(n) = 3*n - 12. Suppose 5*p = 2*w - 1, 0 = 3*w + 4*p - p - 54. What is the units digit of v(w)?
7
Suppose -10 = -2*u - 6. Suppose 0 = 4*g + 4*v - 60, g = u*g - 5*v - 45. What is the units digit of g?
0
Let y(o) = o**3 - 7*o**2 + 8*o - 9. Suppose 0 = k - 0 - 6. Let c be y(k). Suppose 4*n - 72 = -4*w - n, -4*w + c*n = -72. What is the units digit of w?
8
Let a(v) = v + 5. Let y be a(-5). Let k = y - -1. Let g = 8 - k. What is the units digit of g?
7
Let b(u) be the second derivative of -u**3/3 - 5*u**2/2 + 3*u. What is the units digit of b(-5)?
5
Suppose 2*a = 2*t + 10, -a + 2*t = -0*t - 7. Suppose 0 = -5*f - a*w + 130, 5*f + w - 30 = 90. What is the tens digit of f?
2
Suppose -9*p = 6*p - 3090. What is the hundreds digit of p?
2
Let u(j) = -j**2 - 7*j + 2. Let i be u(-5). Suppose -4*y - 13 = 11. Let l = y + i. What is the units digit of l?
6
Let u = -21 + 83. What is the units digit of u?
2
Suppose 10 = 2*r - 0*r. Suppose -r*g = -4*g - 12. What is the tens digit of g?
1
Suppose -13 = -4*q + 3. Let p = 3 + -6. Let y = p + q. What is the units digit of y?
1
Suppose 2*b = t - 41, -5*t + b + 218 = 4*b. What is the tens digit of t?
4
Let o(p) = -p + 4. Let h be o(5). Let l = h + 5. Let u(b) = 2*b - 2. What is the units digit of u(l)?
6
Suppose 0*b = -b. Let l(f) = -2*f + 15. Let a be l(8). Let x = b - a. What is the units digit of x?
1
Let t(p) = -p**3 - 5*p**2. Let k be t(-5). Suppose 6*d = 8*d. Suppose b - 2*w + k*w - 12 = 0, 2*b + 2*w = d. What is the units digit of b?
4
Suppose 156 + 4 = 4*j. Let y = j - 18. What is the tens digit of y?
2
Suppose r + 156 = 7*r. What is the tens digit of r?
2
Suppose -c = 2*j + 69, 27 = -j - 4*c + 3. Let a = 59 + j. What is the tens digit of a?
2
Let j(d) = 3*d**2 - 8*d - 4. Let k be j(7). Suppose 2*s - o = k, s = -3*s - o + 159. Let n = s - 25. What is the tens digit of n?
1
Let r(v) be the first derivative of -v**2/2 - 5*v - 1. What is the units digit of r(-10)?
5
Let u(q) = 5*q**2 - 14*q - 14. Let w(d) = 3*d**2 - 9*d - 9. Let v(a) = 5*u(a) - 8*w(a). Let b(l) = -l**2 - l + 3. Let k be b(0). What is the tens digit of v(k)?
1
Let h = -3 + 2. Let z = h - -11. What is the tens digit of z?
1
Suppose -4*n - n = -15. Suppose n*p - 24 = -p. What is the units digit of p?
6
Let h(t) = -2*t**3 + 15 - 3*t**2 - 2 + 2*t**2 + 3*t**3. What is the tens digit of h(0)?
1
Let c(z) = z**2 - 5*z - 12. What is the units digit of c(7)?
2
Suppose 0 = 2*x + 5*j, x - 3*j = 2*x + 2. Let a(o) = -o**3 + 11*o**2 - 6*o - 2. What is the tens digit of a(x)?
3
Suppose -2*y - 4*a - 48 = -3*y, -a - 89 = -2*y. What is the tens digit of y?
4
Let j be 0/(-2) - (-1 - 9). Let u be 1/(4/16*2). Suppose j = u*c - 10. What is the tens digit of c?
1
Let b = 83 - 59. What is the units digit of b?
4
Suppose 12*c + 888 = 3804. What is the hundreds digit of c?
2
Suppose 5*t + 3 = 4*o + 12, 0 = 2*o + 3*t - 1. What is the units digit of 9/1 - (-2 - o)?
0
Suppose 0 = 5*k - 3*o - 196, 0 = -5*k - 5*o - 70 + 290. What is the tens digit of k?
4
Let o be (-2)/6 + (-20)/(-6). Suppose 5*c - 2*a - 5 = -7*a, -o*c + 5*a = -11. Suppose -c*g + 1 = -5. What is the units digit of g?
3
Let o(x) = -22*x**3 + 8*x**2 + 4*x - 5. Let z(k) = -65*k**3 + 23*k**2 + 11*k - 14. Let i(y) = 17*o(y) - 6*z(y). What is the tens digit of i(1)?
1
Let k be (2 + -1)/1*-7. Let h = -3 - k. What is the units digit of h?
4
Suppose -2*t = -3*t + 105. What is the units digit of t?
5
Suppose 0 = 2*m - 2, -i + 4*i - 4*m = 92. Suppose 5*t - 3*t = i. What is the tens digit of t?
1
Suppose 4*k - 3*c - c = 4, 0 = 2*k + 2*c + 2. Suppose 5*y - 147 - 113 = k. What is the units digit of y?
2
Let i(m) = m**3 + 2*m**2 - 2*m + 2. Let v be 4/10 + 40/25. What is the units digit of i(v)?
4
Let p be 5/2*20/25. What is the units digit of p*((-15)/(-6) + 0)?
5
Suppose -4*t - 16 = 0, -4*p + t = -3*p - 32. What is the units digit of p?
8
Suppose -4*a - 3*l - 27 = 2*l, -4*a - 37 = -5*l. Let y = a - -12. What is the units digit of y?
4
Let n = 8 - 13. Let d = -3 - n. Suppose -2*y + 32 = 5*c, 0 = -d*c - y + 12 + 1. What is the units digit of c?
6
Suppose h - 142 = 4*j, -2*h = -0*h - 4*j - 272. What is the tens digit of h?
3
Suppose 12 = 5*d - 8. Suppose -x + 1 - 5 = 0, -d*a + 2*x - 28 = 0. What is the units digit of (a/(-4))/(12/32)?
6
Let l(c) = 15*c - 10. Let z be l(5). Suppose z = 3*m + 23. What is the units digit of m?
4
Suppose -3 = 3*j - 81. What is the tens digit of j?
2
Suppose -a - 2*r + 11 = 3, 4*r - 22 = -3*a. Let d(h) = 2*h**2 - 10*h + 8. Let x be d(a). Suppose 0*s - x = -4*s. What is the units digit of s?
5
Suppose 47 = 2*p + 3*m, -4*m = -4*p + 150 - 26. What is the units digit of (-22)/(-55) - p/(-5)?
6
Let y(a) = 12 - 5*a - 3*a + 5*a. What is the units digit of y(-5)?
7
Let t(b) = -b**2 + 3*b + 2. What is the units digit of t(3)?
2
Suppose 4*l = 13 - 5. Suppose -l*h + 3*h = -5*x + 19, -4*h + 4 = 2*x. Let v = -1 + x. What is the units digit of v?
3
Let f(z) = z**2 + 10*z + 10. What is the tens digit of f(-12)?
3
Let z(w) = w + 7. Let k(p) = p**2 - p + 10. Let d be k(0). Suppose d = -i - i. What is the units digit of z(i)?
2
Suppose -3*r + 9 = 0, 0 = -5*g + r - 0*r - 13. Let w be (-2)/g*-2 + 9. Suppose -n + w = -0*n. What is the units digit of n?
7
Suppose 0 = -i + 2 - 11. Let x(y) = -3*y - 11. What is the tens digit of x(i)?
1
Suppose 3*z - 9 = y, 3*y + 2*z = 5*y + 6. Suppose 0 = -y*r + r - 5. What is the units digit of r?
5
Let s(c) = c - 5. Let x be s(6). Suppose 3 + x = -4*i, -5*w + 2 = -2*i. Suppose w = -2*v + 4. What is the units digit of v?
2
Let m(a) = 11*a + 6. Let k(r) = -12*r - 7. Let w(x) = 4*k(x) + 5*m(x). Suppose 2*p - 3 = 1. What is the tens digit of w(p)?
1
Suppose s - 156 = -5*s. What is the units digit of s?
6
Let d(u) = u**3 - 3*u**2 - 2*u + 3. Let a be d(5). Suppose -2*m - 11 = -a. What is the units digit of m?
6
Suppose -5*d + 4*x + 344 = 3*x, 4*d - 3*x - 273 = 0. What is the units digit of d?
9
Let d(v) = -7*v**3 + v**2. Suppose -p - 1 = -0*p. What is the units digit of d(p)?
8
Let d(l) = -l**3 - 2*l**2 + 2*l - 4. Let c be d(-4). Let z be (16/c)/((-4)/(-50)). Suppose 3*x + z = 4*x. What is the tens digit of x?
1
Let z = -29 - -49. What is the units digit of z?
0
Let w(k) = -k**2 - 2*k. Let y(d) = -d - 1. Let m be y(1). Let a be w(m). Suppose -3*i - i + 16 = a. What is the units digit of i?
4
Suppose -4*j - 5*i = -29 - 113, -2*i = -2*j + 80. Let w = j + 11. What is the tens digit of w?
4
Suppose 0 = 4*a - 18 - 6. Let l(r) = r**3 - 5*r**2 - 6*r. Let d be l(a). Let q = d - -14. What is the tens digit of q?
1
Suppose -2*u = -3*u + 3. Suppose 5*j - 31 = -u*q, 5*q + j - 37 = -0*j. What is the units digit of q?
7
What is the units digit of (-27)/(-5) + 10/(-25)?
5
Let k = -690 - -972. What is the tens digit of k?
8
Suppose -5*r + p 